 What is the tens digit of p?
1
Let r = 31 - 27. Suppose 3*s - r*l = l + 114, -5*l + 15 = 0. What is the tens digit of s?
4
What is the thousands digit of -5 + (11 - 20 - -5383)?
5
Suppose 5*o + 4*u + 0*u + 465 = 0, -o - 3*u - 82 = 0. Let s = 235 + o. What is the hundreds digit of s?
1
Suppose 179*p = 175*p + 2640. What is the hundreds digit of p?
6
Let t(u) = u**3 + 9*u**2 - 64*u + 9. What is the hundreds digit of t(9)?
8
Let t(p) = 47*p - 12. What is the tens digit of t(5)?
2
Suppose -3*k + 4*d = 32, -9 = 4*k + 2*d - 3. Let w(n) = -5*n - 6. Let y(r) = 4*r + 4. Let v(i) = -2*w(i) - 3*y(i). What is the units digit of v(k)?
8
Let r = 915 + -457. Suppose 106 - r = -4*o. What is the units digit of o?
8
Suppose 11 = -2*y - 9. What is the tens digit of 129*y/45*-3?
8
Let z be (-4 + -2 + 0)*(-416)/6. Suppose -z = -5*j - 3*l, -l - l + 414 = 5*j. What is the units digit of j?
2
Let p = 217 - -38. Suppose 5*k = 4*j - p, 5*j + 5*k - 400 + 70 = 0. What is the units digit of j?
5
Let w(x) be the third derivative of -5*x**4/24 - 23*x**3/6 + 13*x**2. What is the tens digit of w(-13)?
4
Let h(g) = 5*g + 22. Let y(l) = 4*l + 21. Let i(v) = -3*h(v) + 4*y(v). Let p be i(-13). Let q = -2 + p. What is the units digit of q?
3
Suppose 12585 = 10*q - 2635. What is the hundreds digit of q?
5
Let b = 1499 + -485. What is the hundreds digit of b?
0
Let r be (-32)/8 + 2*2. Let w(u) = -2*u - 2*u + r - 7 + 9*u. What is the units digit of w(5)?
8
Suppose -s - 22 = -5*o + o, 3*s - 4*o = -26. What is the units digit of s + 5 + 2 + 7?
2
Let f be 12/10*1820/21. Suppose 0 = 5*b - r + 5*r + 263, -171 = 3*b - 2*r. Let i = b + f. What is the tens digit of i?
4
Let o(i) be the first derivative of -i**3/3 - 11*i**2/2 + 8*i + 7. Let m be o(-12). What is the units digit of -5*(-1 + 3 + m)?
0
Suppose 3*c + 55 = -143. What is the units digit of -2*(-2)/(-24) + (-12023)/c?
2
Suppose 2*f = 5*f + 219. Let v = 9 - f. What is the tens digit of v/(1 + 4 + -3)?
4
Suppose -3*p = -321 - 21. Suppose 3*u + 3*s = p, u - s + 0 - 30 = 0. What is the units digit of u?
4
Suppose 3*d = -y + 861, 4*d = 2*y + y - 2544. What is the units digit of y?
2
Let b = 14 - 24. Let t(o) = o**3 + 11*o**2 + 9*o - 10. Let q be t(b). Suppose -2*d + d + 31 = q. What is the units digit of d?
1
Suppose -5*c + 1323 - 330 = 2*h, 4*h - c - 1931 = 0. What is the tens digit of h?
8
Let d = -599 + 610. Let u(v) be the first derivative of v**3/3 - 9*v**2/2 - 7*v - 1. What is the tens digit of u(d)?
1
Let c be 5/2*(1 - 3). Let n = -39 - -20. Let a = c - n. What is the units digit of a?
4
Let y = -223 + 623. What is the units digit of y?
0
Let x(t) = t - 5. Let o be x(5). Suppose f - 10 - 1 = -2*s, 4*s - 5*f + 13 = o. Suppose -4 = -4*j, 0 = -6*h + s*h + 4*j + 83. What is the units digit of h?
9
Suppose -5*x = 7*x - 480. What is the tens digit of x?
4
Let x = 15 - 17. What is the units digit of (6/4*x)/(36/(-336))?
8
Let m(f) = -3*f. Let w be m(-1). Let p(d) = -d**3 + 3*d**2 + 2*d + 3. Let s be p(w). Suppose -2*b + 65 - s = 0. What is the units digit of b?
8
Let b be (-1)/(-1 + (-3172)/(-3176)). Let x = b + -472. What is the tens digit of x?
2
Let q = 1591 + -971. Suppose -6*n = -11*n + q. What is the tens digit of n?
2
Suppose 2*f = -3*f + 10, 6 = -4*r - f. What is the hundreds digit of r + (-120)/(-66) - 1619/(-11)?
1
Let l(w) = w**3 - 19*w**2 + 18*w + 54. What is the units digit of l(20)?
4
Suppose 3*q - 21 = -5*i, -19 - 20 = -3*q + i. Suppose 0 = -q*t + 802 + 26. What is the tens digit of t?
6
Let o = -33 - -26. Let r(g) = 2*g**2 + 2*g - 1. What is the tens digit of r(o)?
8
Let g(c) = c. Let n be g(4). Let w = 80 - 24. Suppose -n*s = -16 - w. What is the units digit of s?
8
What is the hundreds digit of 310/(-1705) + (1 - (-4864)/11)?
4
Let q(l) = -793*l**2 + 12*l + 5 + 3 + 794*l**2. What is the tens digit of q(-14)?
3
Suppose -4*v + 3554 = 3*r, 10*r + 2*v + 3560 = 13*r. What is the tens digit of r?
8
Suppose b + 0*b + 4*z - 6 = 0, 3*b = 3*z + 78. Let n = b - 20. Suppose 5*o + 2*p = 247, n*p - 174 = -4*o + 24. What is the tens digit of o?
4
Suppose -2*z - c - 1 = -3, -z + 4*c + 19 = 0. Let v be (5/4)/(z/24). Let b(p) = 4*p - 8. What is the units digit of b(v)?
2
Suppose 10*j + 1790 = 5*x + 15*j, x - 4*j - 333 = 0. What is the tens digit of x?
5
Suppose 13*r - 251 = 4975. What is the hundreds digit of r?
4
Let t(f) = -f**2 + 3*f - 2. Let n be t(4). What is the units digit of ((-2)/n)/(2/516)?
6
Suppose -2 - 14 = -2*u. Suppose u*r - 325 = 3*r. What is the tens digit of r?
6
Suppose -7*g - 9863 = -14*g. What is the hundreds digit of g?
4
Let y(o) = o**3 + 3*o**2 - 4*o + 6. Let q be y(-4). Suppose -q*l = 5*l - 231. What is the units digit of l?
1
Let f = -367 - -973. What is the units digit of f?
6
Let q(y) = y**3 - 2*y - 1. Let m be q(-1). Suppose 0 = 4*k + 5*b - 33 - 23, m = 5*k - 4*b - 70. Suppose k = -2*s + 82. What is the units digit of s?
4
Let t = 4456 - 1396. What is the tens digit of t?
6
Let j = 1684 - 122. What is the tens digit of j?
6
Suppose -24*t = -28*t - 312. Let q = 129 + t. What is the units digit of q?
1
Let h be 559/117 + (-1)/((-18)/4). Suppose h*g + 0*y - 31 = -y, -3*y = -4*g + 40. What is the units digit of g?
7
Suppose -6 = -78*o + 81*o, -b = 3*o - 1075. What is the thousands digit of b?
1
Suppose 8*a = 3*a + 2*o + 2, -2*a - 1 = o. Suppose -8*z + 1146 - 266 = a. What is the units digit of z?
0
Let x = -3133 - -5573. What is the hundreds digit of x?
4
Suppose 0 = -x - 4, -5*v + x - 51 - 85 = 0. Suppose -115 = 5*r - 10. What is the units digit of 62/8 - r/v?
7
Let g(q) = q**3 + 10*q**2 + q - 17. Let x = -34 + 27. What is the units digit of g(x)?
3
Let d(c) = -47*c**3 + c**2 - 12*c - 35. What is the hundreds digit of d(-3)?
2
Let g = 30 + -27. Suppose 4*k - 176 = -4*f, g*k + 73 = f + f. What is the tens digit of f?
4
Suppose -7*v - 6 = -6. Suppose v = 6*s - s - 890. What is the tens digit of s?
7
Let z = 1096 + -1011. What is the units digit of z?
5
Suppose 5*h - 3*q = 9343, -4*h + 3*q + 8887 = 1415. What is the units digit of h?
1
Suppose -3*h = 3*l - 33, 3*l = -0*h + 4*h - 65. Suppose -h = -a + 45. What is the tens digit of a?
5
Let a be (-27)/4 - 5/20. Let s(l) = -l**2 - 3*l + 15. Let i be s(a). Let f(c) = -c**3 - 12*c**2 + 12*c - 9. What is the units digit of f(i)?
4
Let c(b) = -33*b - 1. Let r be c(-1). Let z = -982 + 979. What is the units digit of 1 - z/(3/r)?
3
Let d(q) = q**2 + 15. What is the units digit of d(-9)?
6
What is the units digit of 13/((-85)/15 - -6)?
9
Suppose 5*i + 8 + 2 = 0. Suppose 10*p = 5*p + 55. Let w = p + i. What is the units digit of w?
9
Let s(x) = -x**2 + 8*x + 4. Let f be s(8). Suppose w = -f*m - 5, -3*w = -5*m - 2*w + 5. Suppose 2*l - 57 - 19 = m. What is the units digit of l?
8
Let p be (1 - -8)*8/24. Suppose 2*h + 540 = 3*s, 4*h + 720 = s + p*s. Suppose -u + 45 = 5*d, 2*d = 4*u - 3*d - s. What is the units digit of u?
5
Suppose 82*b - 83061 = 133091. What is the tens digit of b?
3
Let y be ((-408)/18)/((-2)/(-6)). What is the units digit of ((-85)/y)/((-2)/(-16))?
0
Suppose -z + 4*s + 259 = -2159, 2*s = 6. What is the tens digit of z?
3
Let v(a) = -2*a - 3. Suppose 4*y = 2 + 14. Let h(p) = -p**2 + p. Let x be h(y). What is the tens digit of v(x)?
2
Let j(i) = -5*i + 4. Let a be j(-4). Suppose 3*m - a = m. Suppose -3*z = m, 8 = 2*d - 0*z - z. What is the units digit of d?
2
Let c(g) be the first derivative of -g**4/4 + 4*g**3/3 - 3*g**2/2 + 3*g + 3. Let q be c(3). Let f(k) = 5*k**2 - 3*k + 1. What is the tens digit of f(q)?
3
Suppose 21*z - 742 - 12236 = 0. What is the tens digit of z?
1
Let u(g) = 2*g - 7. Let v be u(3). What is the units digit of ((-28)/(-7) - -10)/(3 + v)?
7
Let b(v) = -v**3 - 6*v**2 - 5*v + 7. Let o be b(-5). What is the tens digit of (-100)/o*(-7)/2?
5
Let q(l) = 182*l**2 - 3*l + 6. Let n(m) = 181*m**2 - m + 5. Let t(i) = 3*n(i) - 2*q(i). What is the tens digit of t(-1)?
7
Let m = 44 + -47. Let w(c) = 5*c**2 - c + 3. What is the tens digit of w(m)?
5
Let q(o) = 6*o**3 + 7*o**2 - o - 13. What is the hundreds digit of q(4)?
4
Suppose 5*m = -y - 23, -5*y - 6*m + 4*m = 0. Let c = 165 + -171. What is the tens digit of ((-20)/y)/(4/c)?
1
Let f(d) = 7*d**2 + 20*d. Let y be f(-3). Suppose -h - 92 = -y*k, 0 = 3*k + 2*k - 4*h - 144. What is the tens digit of 